{"id":87,"date":"2015-10-22T03:17:26","date_gmt":"2015-10-22T03:17:26","guid":{"rendered":"http:\/\/demo.thimpress.com\/eduma\/?page_id=87"},"modified":"2026-03-25T22:28:18","modified_gmt":"2026-03-25T22:28:18","slug":"kontakt","status":"publish","type":"page","link":"https:\/\/nys.edu.al\/?page_id=87","title":{"rendered":"Kontakt"},"content":{"rendered":"<h3 style=\"text-transform: uppercase;\">INFORMACION KONTAKTI<\/h3>\n<p style=\"\">NEW YORK HIGH SCHOOL<\/p>\n<h3 class = \"heading__primary\" >Telefon<\/h3>\n<p>+355 69 704 7255<!--end smicon-box-->\t\t<\/p>\n<h3 class = \"heading__primary\" >Email<\/h3>\n<p>nys@al.maarifschools.org<!--end smicon-box-->\t\t<\/p>\n<h3 class = \"heading__primary\" >Adresa<\/h3>\n<p>Rruga Nacionale Tiran\u00eb- Elbasan, Km.5, Fark\u00eb e Vog\u00ebl, Tirana &#8211; ALBANIA<!--end smicon-box-->\t\t<\/p>\n<h3 style=\"text-transform: uppercase;\">INFORMACION KONTAKTI<\/h3>\n<p style=\"\">NEW YORK BASIC EDUCATION<\/p>\n<h3 class = \"heading__primary\" >Telefon<\/h3>\n<p> +355 69 704 7253<!--end smicon-box-->\t\t<\/p>\n<h3 class = \"heading__primary\" >Email<\/h3>\n<p>nys@al.maarifschools.org<!--end smicon-box-->\t\t<\/p>\n<h3 class = \"heading__primary\" >Adresa<\/h3>\n<p>Rruga Nacionale Tiran\u00eb- Elbasan, Km.5, Fark\u00eb e Vog\u00ebl, Tirana &#8211; ALBANIA<!--end smicon-box-->\t\t<\/p>\n<h3 style=\"text-transform: uppercase;\">D\u00ebrgo nj\u00eb mesazh<\/h3>\n<p style=\"\">Adresa juaj e email-it nuk do te publikohet. Plot\u00ebsoni t\u00eb gjitha fushat e detyruara me *.<\/p>\n<div class=\"wpcf7 no-js\" id=\"wpcf7-f4-o1\" lang=\"en-US\" dir=\"ltr\" data-wpcf7-id=\"4\">\n<div class=\"screen-reader-response\"><p role=\"status\" aria-live=\"polite\" aria-atomic=\"true\"><\/p> <ul><\/ul><\/div>\n<form action=\"\/index.php?rest_route=%2Fwp%2Fv2%2Fpages%2F87#wpcf7-f4-o1\" method=\"post\" class=\"wpcf7-form init\" aria-label=\"Contact form\" novalidate=\"novalidate\" data-status=\"init\">\n<fieldset class=\"hidden-fields-container\"><input type=\"hidden\" name=\"_wpcf7\" value=\"4\" \/><input type=\"hidden\" name=\"_wpcf7_version\" value=\"6.1.3\" \/><input type=\"hidden\" name=\"_wpcf7_locale\" value=\"en_US\" \/><input type=\"hidden\" name=\"_wpcf7_unit_tag\" value=\"wpcf7-f4-o1\" \/><input type=\"hidden\" name=\"_wpcf7_container_post\" value=\"0\" \/><input type=\"hidden\" name=\"_wpcf7_posted_data_hash\" value=\"\" \/>\n<\/fieldset>\n<p><span class=\"wpcf7-form-control-wrap\" data-name=\"your-name\"><input size=\"40\" maxlength=\"400\" class=\"wpcf7-form-control wpcf7-text wpcf7-validates-as-required\" aria-required=\"true\" aria-invalid=\"false\" placeholder=\"Name *\" value=\"\" type=\"text\" name=\"your-name\" \/><\/span>\n<\/p>\n<p><span class=\"wpcf7-form-control-wrap\" data-name=\"your-email\"><input size=\"40\" maxlength=\"400\" class=\"wpcf7-form-control wpcf7-email wpcf7-validates-as-required wpcf7-text wpcf7-validates-as-email\" aria-required=\"true\" aria-invalid=\"false\" placeholder=\"Email *\" value=\"\" type=\"email\" name=\"your-email\" \/><\/span>\n<\/p>\n<p><span class=\"wpcf7-form-control-wrap\" data-name=\"your-subject\"><input size=\"40\" maxlength=\"400\" class=\"wpcf7-form-control wpcf7-text wpcf7-validates-as-required\" aria-required=\"true\" aria-invalid=\"false\" placeholder=\"Subject *\" value=\"\" type=\"text\" name=\"your-subject\" \/><\/span>\n<\/p>\n<p><span class=\"wpcf7-form-control-wrap\" data-name=\"your-message\"><textarea cols=\"40\" rows=\"10\" maxlength=\"2000\" class=\"wpcf7-form-control wpcf7-textarea wpcf7-validates-as-required\" aria-required=\"true\" aria-invalid=\"false\" placeholder=\"Message *\" name=\"your-message\"><\/textarea><\/span>\n<\/p>\n<p><input class=\"wpcf7-form-control wpcf7-submit has-spinner\" type=\"submit\" value=\"Submit\" \/>\n<\/p><p style=\"display: none !important;\" class=\"akismet-fields-container\" data-prefix=\"_wpcf7_ak_\"><label>&#916;<textarea name=\"_wpcf7_ak_hp_textarea\" cols=\"45\" rows=\"8\" maxlength=\"100\"><\/textarea><\/label><input type=\"hidden\" id=\"ak_js_1\" name=\"_wpcf7_ak_js\" value=\"221\"\/><script>document.getElementById( \"ak_js_1\" ).setAttribute( \"value\", ( new Date() ).getTime() );<\/script><\/p><div class=\"wpcf7-response-output\" aria-hidden=\"true\"><\/div>\n<\/form>\n<\/div>\n<br \/>\n\t\t\t<iframe frameborder=\"0\" scrolling=\"no\" marginheight=\"0\" marginwidth=\"0\" src=\"https:\/\/maps.google.com\/maps?q=Rruga%20Nacionale%20Tiran%C3%AB-%20Elbasan%2C%20Km.5&amp;t=m&amp;z=15&amp;output=embed&amp;iwloc=near\" title=\"Rruga Nacionale Tiran\u00eb- Elbasan, Km.5\" aria-label=\"Rruga Nacionale Tiran\u00eb- Elbasan, Km.5\"><\/iframe><\/p>\n","protected":false},"excerpt":{"rendered":"<p>INFORMACION KONTAKTI NEW YORK HIGH SCHOOL Telefon +355 69 704 7255 Email nys@al.maarifschools.org Adresa Rruga Nacionale Tiran\u00eb- Elbasan, Km.5, Fark\u00eb e Vog\u00ebl, Tirana &#8211; ALBANIA INFORMACION KONTAKTI NEW YORK BASIC EDUCATION Telefon +355 69 704 7253 Email nys@al.maarifschools.org Adresa Rruga &hellip; <\/p>\n","protected":false},"author":1,"featured_media":0,"parent":0,"menu_order":0,"comment_status":"closed","ping_status":"closed","template":"","meta":{"footnotes":""},"class_list":["post-87","page","type-page","status-publish","hentry"],"_links":{"self":[{"href":"https:\/\/nys.edu.al\/index.php?rest_route=\/wp\/v2\/pages\/87","targetHints":{"allow":["GET"]}}],"collection":[{"href":"https:\/\/nys.edu.al\/index.php?rest_route=\/wp\/v2\/pages"}],"about":[{"href":"https:\/\/nys.edu.al\/index.php?rest_route=\/wp\/v2\/types\/page"}],"author":[{"embeddable":true,"href":"https:\/\/nys.edu.al\/index.php?rest_route=\/wp\/v2\/users\/1"}],"replies":[{"embeddable":true,"href":"https:\/\/nys.edu.al\/index.php?rest_route=%2Fwp%2Fv2%2Fcomments&post=87"}],"version-history":[{"count":52,"href":"https:\/\/nys.edu.al\/index.php?rest_route=\/wp\/v2\/pages\/87\/revisions"}],"predecessor-version":[{"id":17388,"href":"https:\/\/nys.edu.al\/index.php?rest_route=\/wp\/v2\/pages\/87\/revisions\/17388"}],"wp:attachment":[{"href":"https:\/\/nys.edu.al\/index.php?rest_route=%2Fwp%2Fv2%2Fmedia&parent=87"}],"curies":[{"name":"wp","href":"https:\/\/api.w.org\/{rel}","templated":true}]}}