{"id":12775,"date":"2021-11-15T08:56:18","date_gmt":"2021-11-15T08:56:18","guid":{"rendered":"https:\/\/imsaelbasan.edu.al\/nys\/?page_id=12775"},"modified":"2021-11-15T10:00:30","modified_gmt":"2021-11-15T10:00:30","slug":"prof-dr-birol-akgun","status":"publish","type":"page","link":"https:\/\/nys.edu.al\/?page_id=12775","title":{"rendered":"Prof. Dr. Birol AKG\u00dcN"},"content":{"rendered":"\t\t<div data-elementor-type=\"wp-post\" data-elementor-id=\"12775\" class=\"elementor elementor-12775\">\n\t\t\t\t\t\t<section class=\"elementor-section elementor-top-section elementor-element elementor-element-e79d0ca elementor-section-boxed elementor-section-height-default elementor-section-height-default\" data-id=\"e79d0ca\" data-element_type=\"section\">\n\t\t\t\t\t\t<div class=\"elementor-container elementor-column-gap-default\">\n\t\t\t\t\t<div class=\"elementor-column elementor-col-50 elementor-top-column elementor-element elementor-element-284c2cd\" data-id=\"284c2cd\" data-element_type=\"column\" data-settings=\"{&quot;background_background&quot;:&quot;classic&quot;}\">\n\t\t\t<div class=\"elementor-widget-wrap elementor-element-populated\">\n\t\t\t\t\t\t<div class=\"elementor-element elementor-element-fb9d12b elementor-invisible elementor-widget elementor-widget-image\" data-id=\"fb9d12b\" data-element_type=\"widget\" data-settings=\"{&quot;_animation&quot;:&quot;fadeInLeft&quot;}\" data-widget_type=\"image.default\">\n\t\t\t\t<div class=\"elementor-widget-container\">\n\t\t\t\t\t\t\t\t\t\t\t\t\t\t\t<img fetchpriority=\"high\" decoding=\"async\" width=\"610\" height=\"359\" src=\"https:\/\/nys.edu.al\/wp-content\/uploads\/2021\/11\/Birol-AKGUN.jpg\" class=\"attachment-medium_large size-medium_large wp-image-12733\" alt=\"\" srcset=\"https:\/\/nys.edu.al\/wp-content\/uploads\/2021\/11\/Birol-AKGUN.jpg 610w, https:\/\/nys.edu.al\/wp-content\/uploads\/2021\/11\/Birol-AKGUN-300x177.jpg 300w, https:\/\/nys.edu.al\/wp-content\/uploads\/2021\/11\/Birol-AKGUN-600x353.jpg 600w\" sizes=\"(max-width: 610px) 100vw, 610px\" \/>\t\t\t\t\t\t\t\t\t\t\t\t\t\t\t<\/div>\n\t\t\t\t<\/div>\n\t\t\t\t<div class=\"elementor-element elementor-element-183942e elementor-invisible elementor-widget elementor-widget-thim-icon-box\" data-id=\"183942e\" data-element_type=\"widget\" data-settings=\"{&quot;_animation&quot;:&quot;fadeInLeft&quot;}\" data-widget_type=\"thim-icon-box.default\">\n\t\t\t\t<div class=\"elementor-widget-container\">\n\t\t\t\t\t<div class=\"thim-widget-icon-box template-base\"><div class=\"wrapper-box-icon has_custom_image text-left \"  ><div class=\"smicon-box iconbox-left\"><div class=\"boxes-icon\" style=\"width: 20px;\"><span class=\"inner-icon\"><span class=\"icon\"><i class=\"fa fa-building\" style=\"color:#00ADBB; font-size:14px; line-height:14px; vertical-align: middle;\"><\/i><\/span><\/span><\/div><div class=\"content-inner\"  style=\"width: calc( 100% - 20px - 15px);\"><div class=\"sc-heading article_heading\"><h3 class = \"heading__primary\" style=\"font-size: 14px; line-height: 14px;margin-top: 7px;margin-bottom: 0px;\">Y\u0131ld\u0131r\u0131m Beyaz\u0131t \u00dcniversitesi, Siyasal Bilgiler Fak\u00fcltesi, Uluslararas\u0131 \u0130li\u015fkiler B\u00f6l\u00fcm\u00fc, \u00c7ankaya, Ankara<\/h3><\/div><\/div><\/div><!--end smicon-box--><\/div><\/div>\t\t\t\t<\/div>\n\t\t\t\t<\/div>\n\t\t\t\t<div class=\"elementor-element elementor-element-a03a979 elementor-invisible elementor-widget elementor-widget-thim-icon-box\" data-id=\"a03a979\" data-element_type=\"widget\" data-settings=\"{&quot;_animation&quot;:&quot;fadeInLeft&quot;}\" data-widget_type=\"thim-icon-box.default\">\n\t\t\t\t<div class=\"elementor-widget-container\">\n\t\t\t\t\t<div class=\"thim-widget-icon-box template-base\"><div class=\"wrapper-box-icon has_custom_image text-left \"  ><div class=\"smicon-box iconbox-left\"><div class=\"boxes-icon\" style=\"width: 20px;\"><span class=\"inner-icon\"><span class=\"icon\"><i class=\"fa fa-envelope\" style=\"color:#00ADBB; font-size:14px; line-height:14px; vertical-align: middle;\"><\/i><\/span><\/span><\/div><div class=\"content-inner\"  style=\"width: calc( 100% - 20px - 15px);\"><div class=\"sc-heading article_heading\"><h3 class = \"heading__primary\" style=\"font-size: 14px; line-height: 14px;margin-top: 7px;\">birolakgun@ybu.gov.tr<\/h3><\/div><\/div><\/div><!--end smicon-box--><\/div><\/div>\t\t\t\t<\/div>\n\t\t\t\t<\/div>\n\t\t\t\t<div class=\"elementor-element elementor-element-5b5df18 elementor-invisible elementor-widget elementor-widget-thim-icon-box\" data-id=\"5b5df18\" data-element_type=\"widget\" data-settings=\"{&quot;_animation&quot;:&quot;fadeInLeft&quot;}\" data-widget_type=\"thim-icon-box.default\">\n\t\t\t\t<div class=\"elementor-widget-container\">\n\t\t\t\t\t<div class=\"thim-widget-icon-box template-base\"><div class=\"wrapper-box-icon has_custom_image text-left \"  ><div class=\"smicon-box iconbox-left\"><div class=\"boxes-icon\" style=\"width: 20px;\"><span class=\"inner-icon\"><span class=\"icon\"><i class=\"fa fa-phone\" style=\"color:#00ADBB; font-size:14px; line-height:14px; vertical-align: middle;\"><\/i><\/span><\/span><\/div><div class=\"content-inner\"  style=\"width: calc( 100% - 20px - 15px);\"><div class=\"sc-heading article_heading\"><h3 class = \"heading__primary\" style=\"font-size: 14px; line-height: 14px;margin-top: 7px;margin-bottom: 0px;\">0332-2492695<\/h3><\/div><\/div><\/div><!--end smicon-box--><\/div><\/div>\t\t\t\t<\/div>\n\t\t\t\t<\/div>\n\t\t\t\t\t<\/div>\n\t\t<\/div>\n\t\t\t\t<div class=\"elementor-column elementor-col-50 elementor-top-column elementor-element elementor-element-20cb981\" data-id=\"20cb981\" data-element_type=\"column\">\n\t\t\t<div class=\"elementor-widget-wrap elementor-element-populated\">\n\t\t\t\t\t\t<div class=\"elementor-element elementor-element-76fda43 elementor-invisible elementor-widget elementor-widget-thim-heading\" data-id=\"76fda43\" data-element_type=\"widget\" data-settings=\"{&quot;_animation&quot;:&quot;fadeInRight&quot;}\" data-widget_type=\"thim-heading.default\">\n\t\t\t\t<div class=\"elementor-widget-container\">\n\t\t\t\t\t<div class=\"thim-widget-heading template-base\"><div class=\"sc_heading  text-left\"><h3 style=\"text-transform: uppercase;\" class=\"title\"> <span class=\"thim-color\">Prof. Dr. Birol AKG\u00dcN<\/span><\/h3><span style=\"background-color:#00ADBB\" class=\"line\"><\/span><\/div><\/div>\t\t\t\t<\/div>\n\t\t\t\t<\/div>\n\t\t\t\t<div class=\"elementor-element elementor-element-b9334f3 elementor-invisible elementor-widget elementor-widget-text-editor\" data-id=\"b9334f3\" data-element_type=\"widget\" data-settings=\"{&quot;_animation&quot;:&quot;fadeInRight&quot;}\" data-widget_type=\"text-editor.default\">\n\t\t\t\t<div class=\"elementor-widget-container\">\n\t\t\t\t\t\t\t\t\t<p>N\u00eb vitet e fundit, Turqia ka forcuar pozicionin e saj n\u00eb aren\u00ebn nd\u00ebrkomb\u00ebtare. Ekonomia \u00ebsht\u00eb zhvilluar dhe infrastruktura fizike e saj \u00ebsht\u00eb b\u00ebr\u00eb mjaft e plot\u00eb dhe gradualisht realizon projektet e saj t\u00eb m\u00ebdha t\u00eb zhvillimit. N\u00eb prag t\u00eb shekullit t\u00eb 21t\u00eb, kultura anatoliane ka ringjallur trash\u00ebgimin\u00eb e saj t\u00eb pasur kulturore, historike dhe qytet\u00ebruese. Kaluam p\u00ebrtej mureve artificiale t\u00eb nd\u00ebrtuara midis gjeografis\u00eb son\u00eb virtuale dhe territorit t\u00eb vendit ton\u00eb. Sot, procesi i globalizimit dhe zhvillimi i mund\u00ebsive t\u00eb komunikimit dhe transportit detyrojn\u00eb popullin Anatolian t\u00eb zhvilloj\u00eb marr\u00ebdh\u00ebnie kulturore, ekonomike dhe sociale me komunitetet n\u00eb mbar\u00eb bot\u00ebn.&nbsp;<\/p><p>Ne gjithashtu presim t\u00eb nj\u00ebjt\u00ebn gj\u00eb, q\u00eb ne jo vet\u00ebm q\u00eb m\u00ebsuam nga udh\u00ebtimi yn\u00eb i mij\u00ebra viteve t\u00eb migrimit, por gjithashtu i m\u00ebsuam bot\u00ebs at\u00eb q\u00eb kishim. Ne nuk hezitojm\u00eb t\u00eb takojm\u00eb kultura t\u00eb ndryshme dhe t\u00eb m\u00ebsojm\u00eb prej tyre. Ne do t\u00eb jemi t\u00eb k\u00ebnaqur t\u00eb ndajm\u00eb vlerat q\u00eb kemi zhvilluar si pjes\u00eb e trash\u00ebgimis\u00eb son\u00eb kulturore me t\u00eb tjer\u00ebt.<\/p>\t\t\t\t\t\t\t\t<\/div>\n\t\t\t\t<\/div>\n\t\t\t\t\t<\/div>\n\t\t<\/div>\n\t\t\t\t\t<\/div>\n\t\t<\/section>\n\t\t\t\t<section class=\"elementor-section elementor-top-section elementor-element elementor-element-342f1fb elementor-section-boxed elementor-section-height-default elementor-section-height-default\" data-id=\"342f1fb\" data-element_type=\"section\">\n\t\t\t\t\t\t<div class=\"elementor-container elementor-column-gap-default\">\n\t\t\t\t\t<div class=\"elementor-column elementor-col-100 elementor-top-column elementor-element elementor-element-42bdaf9\" data-id=\"42bdaf9\" data-element_type=\"column\">\n\t\t\t<div class=\"elementor-widget-wrap elementor-element-populated\">\n\t\t\t\t\t\t<div class=\"elementor-element elementor-element-6d58263 elementor-invisible elementor-widget elementor-widget-text-editor\" data-id=\"6d58263\" data-element_type=\"widget\" data-settings=\"{&quot;_animation&quot;:&quot;fadeIn&quot;}\" data-widget_type=\"text-editor.default\">\n\t\t\t\t<div class=\"elementor-widget-container\">\n\t\t\t\t\t\t\t\t\t<div class=\"vc_row wpb_row vc_row-fluid vc_custom_1552652918289\"><div class=\"wpb_column vc_column_container vc_col-sm-7\"><div class=\"vc_column-inner\"><div class=\"wpb_wrapper\"><div class=\"wpb_text_column wpb_content_element vc_custom_1569916714993\"><div class=\"wpb_wrapper\"><p>Pas nj\u00eb p\u00ebrpjekjeje t\u00eb gjat\u00eb p\u00ebr zhvillimin dhe procesin e modernizimit t\u00eb orientuar drejt\u00a0<span style=\"color: var( --e-global-color-text ); font-family: var( --e-global-typography-text-font-family ), Sans-serif; font-weight: var( --e-global-typography-text-font-weight );\">per\u00ebndimit, Turqia u rrit n\u00eb arritjen e njohurive universale dhe n\u00eb arritjen e qytet\u00ebrimeve bashk\u00ebkohore. Sot ajo \u00ebsht\u00eb n\u00eb nj\u00eb proces t\u00eb rizbulimit t\u00eb traditave t\u00eb veta historike dhe kulturore. Si nj\u00eb komb me trash\u00ebgimi t\u00eb nj\u00eb qytet\u00ebrimi mbar\u00ebbot\u00ebror n\u00eb t\u00eb kaluar\u00ebn e saj, ne hyjm\u00eb n\u00eb aren\u00ebn nd\u00ebrkomb\u00ebtare me nd\u00ebrgjegjen e ribashkimit t\u00eb pushtetit vendor dhe universal n\u00eb procesin e rind\u00ebrtimit t\u00eb sistemit global. Ajo q\u00eb na b\u00ebn t\u00eb ve\u00e7ant\u00eb dhe t\u00eb ve\u00e7ant\u00eb \u00ebsht\u00eb ky q\u00ebndrim i fort\u00eb i yni. Fondacioni Maarif u krijua n\u00eb nj\u00eb atmosfer\u00eb t\u00eb till\u00eb politike globale. Si\u00e7 thuhet n\u00eb ligjin ton\u00eb t\u00eb themelimit, misioni yn\u00eb \u00ebsht\u00eb t\u00eb ofrojm\u00eb sh\u00ebrbime arsimore formale dhe informale n\u00eb baz\u00eb t\u00eb vlerave dhe trash\u00ebgimive t\u00eb p\u00ebrbashk\u00ebta t\u00eb njer\u00ebzimit; p\u00ebr t\u00eb ngritur \u201cnjer\u00ebz t\u00eb mir\u00eb\u201d t\u00eb virtytsh\u00ebm t\u00eb cil\u00ebt do t\u00eb sh\u00ebrbejn\u00eb p\u00ebr shpres\u00ebn e paqes, drejt\u00ebsis\u00eb dhe zhvillimit dhe t\u00eb kombinojn\u00eb njohurit\u00eb dhe p\u00ebrvoj\u00ebn e bashk\u00ebsis\u00eb turke me vlerat universale.\u00a0<\/span><\/p><p><span style=\"color: var( --e-global-color-text ); font-family: var( --e-global-typography-text-font-family ), Sans-serif; font-weight: var( --e-global-typography-text-font-weight );\">Ne synojm\u00eb t\u00eb p\u00ebrcjellim pasurin\u00eb e gjeografis\u00eb son\u00eb shpirt\u00ebrore p\u00ebr \u00e7do komunitet anemban\u00eb bot\u00ebs n\u00ebp\u00ebrmjet k\u00ebtyre shkollave. Q\u00ebllimi yn\u00eb kryesor \u00ebsht\u00eb t\u00eb sh\u00ebrojm\u00eb zemrat q\u00eb u thyen p\u00ebr shkak t\u00eb luft\u00ebrave, terrorit dhe dhun\u00ebs dhe p\u00ebr t\u00eb p\u00ebrcjell\u00eb nj\u00eb mesazh q\u00eb mund t\u00eb ndihmoj\u00eb n\u00eb rehabilitimin e vet\u00ebdijes s\u00eb plagosur. N\u00eb k\u00ebt\u00eb sh\u00ebtitje t\u00eb gjat\u00eb, udh\u00ebrr\u00ebfyesit tan\u00eb jan\u00eb Mevlana Jalaluddin Rumi i cili kishte th\u00ebn\u00eb: \u201cNe nuk kemi kultivuar asgj\u00eb, por dashuri n\u00eb k\u00ebt\u00eb vend\u201d, Khoja Ahmed Yasawi, Haxhi Bektash Veli, Yunus Emre dhe Haji Bajram Veli, t\u00eb cil\u00ebt ishin p\u00ebrpjekur t\u00eb sillnin njer\u00ebzit n\u00eb mir\u00ebsi dhe t\u00eb v\u00ebrtet\u00eb bazuar n\u00eb njohuri dhe men\u00e7uri. Ata nuk humb\u00ebn zemr\u00ebn; ata erdh\u00ebn nga Khorasan dhe ndryshuan vendin Anatolian me vlerat e tyre humanitare dhe zemrat e tyre t\u00eb ngrohta. Sot, \u00ebsht\u00eb detyra jon\u00eb t\u2019i p\u00ebrcjellim k\u00ebto vlera komuniteteve n\u00eb mbar\u00eb bot\u00ebn. Kuptimi i fjal\u00ebs \u201cmaarif\u201d nuk \u00ebsht\u00eb thjesht edukimi, por p\u00ebrfshin edhe kuptimet e men\u00e7uris\u00eb dhe kultur\u00ebs.\u00a0<\/span><\/p><p><span style=\"color: var( --e-global-color-text ); font-family: var( --e-global-typography-text-font-family ), Sans-serif; font-weight: var( --e-global-typography-text-font-weight );\">\u00cbsht\u00eb gjithashtu vizioni yn\u00eb kryesor p\u00ebr t\u00eb prezantuar t\u00eb gjith\u00eb f\u00ebmij\u00ebt n\u00eb mbar\u00eb bot\u00ebn me Turqin\u00eb dhe kultur\u00ebn anatoliane, p\u00ebr t\u00eb p\u00ebrfaq\u00ebsuar me sukses popullin dhe vlerat tona, p\u00ebr t\u00eb hapur kanalet e komunikimit midis Turqis\u00eb dhe bot\u00ebs me q\u00ebllim t\u00eb futjes s\u00eb kultur\u00ebs anatoliane dhe p\u00ebr t\u00eb ndihmuar n\u00eb nd\u00ebrtimin e urave t\u00eb gjata t\u00eb bashk\u00ebpunimit.<\/span><\/p><\/div><\/div><\/div><\/div><\/div><\/div><div class=\"vc_row wpb_row vc_row-fluid\"><div class=\"wpb_column vc_column_container vc_col-sm-12\"><div class=\"vc_column-inner vc_custom_1552653181677\"><div class=\"wpb_wrapper\"><div class=\"wpb_text_column wpb_content_element \"><div class=\"wpb_wrapper\"><p>Mb\u00ebshtetja jon\u00eb m\u00eb e madhe n\u00eb k\u00ebt\u00eb proces \u00ebsht\u00eb p\u00ebrpjekja e popullit Anatolian dhe lutjeve t\u00eb shoq\u00ebris\u00eb son\u00eb. Ne e konsiderojm\u00eb \u00e7do person q\u00eb beson n\u00eb k\u00ebt\u00eb mision si an\u00ebtar i familjes s\u00eb Fondacionit Maarif<\/p><\/div><\/div><\/div><\/div><\/div><\/div>\t\t\t\t\t\t\t\t<\/div>\n\t\t\t\t<\/div>\n\t\t\t\t\t<\/div>\n\t\t<\/div>\n\t\t\t\t\t<\/div>\n\t\t<\/section>\n\t\t\t\t<\/div>\n\t\t","protected":false},"excerpt":{"rendered":"<p>Y\u0131ld\u0131r\u0131m Beyaz\u0131t \u00dcniversitesi, Siyasal Bilgiler Fak\u00fcltesi, Uluslararas\u0131 \u0130li\u015fkiler B\u00f6l\u00fcm\u00fc, \u00c7ankaya, Ankara birolakgun@ybu.gov.tr 0332-2492695 Prof. Dr. Birol AKG\u00dcN N\u00eb vitet e fundit, Turqia ka forcuar pozicionin e saj n\u00eb aren\u00ebn nd\u00ebrkomb\u00ebtare. Ekonomia \u00ebsht\u00eb zhvilluar dhe infrastruktura fizike e saj \u00ebsht\u00eb b\u00ebr\u00eb &hellip; <\/p>\n","protected":false},"author":1,"featured_media":0,"parent":0,"menu_order":0,"comment_status":"closed","ping_status":"closed","template":"","meta":{"footnotes":""},"class_list":["post-12775","page","type-page","status-publish","hentry"],"_links":{"self":[{"href":"https:\/\/nys.edu.al\/index.php?rest_route=\/wp\/v2\/pages\/12775","targetHints":{"allow":["GET"]}}],"collection":[{"href":"https:\/\/nys.edu.al\/index.php?rest_route=\/wp\/v2\/pages"}],"about":[{"href":"https:\/\/nys.edu.al\/index.php?rest_route=\/wp\/v2\/types\/page"}],"author":[{"embeddable":true,"href":"https:\/\/nys.edu.al\/index.php?rest_route=\/wp\/v2\/users\/1"}],"replies":[{"embeddable":true,"href":"https:\/\/nys.edu.al\/index.php?rest_route=%2Fwp%2Fv2%2Fcomments&post=12775"}],"version-history":[{"count":40,"href":"https:\/\/nys.edu.al\/index.php?rest_route=\/wp\/v2\/pages\/12775\/revisions"}],"predecessor-version":[{"id":12819,"href":"https:\/\/nys.edu.al\/index.php?rest_route=\/wp\/v2\/pages\/12775\/revisions\/12819"}],"wp:attachment":[{"href":"https:\/\/nys.edu.al\/index.php?rest_route=%2Fwp%2Fv2%2Fmedia&parent=12775"}],"curies":[{"name":"wp","href":"https:\/\/api.w.org\/{rel}","templated":true}]}}